rs of s.
2, 5
Let f(p) = -2*p**3 - 6*p**2 + 6*p - 3. List the prime factors of f(-5).
67
Let o be 23 + (4 + -2 - 0). Suppose i = -4*i + o. Suppose 4 = -i*n + 24. List the prime factors of n.
2
Suppose 2*m + 222 = 5*m. List the prime factors of m.
2, 37
What are the prime factors of ((-1467)/2)/(-3) - (-15)/(-30)?
2, 61
Let i(s) = s**3 - 8*s**2 + 14*s - 8. What are the prime factors of i(6)?
2
Suppose -8*n = -3*n - m - 1475, 0 = -5*n - 3*m + 1455. What are the prime factors of n?
2, 3, 7
List the prime factors of 3 - (3 + -22*18).
2, 3, 11
Let n = 1 - -2. Suppose w - 6*w + 5*p = -15, p + 15 = n*w. What are the prime factors of (-4)/w + 16/6?
2
Suppose -n + 2 = -1. Let h be (-1 + 67)/(3/2). Suppose 0 = -t - n*t + h. List the prime factors of t.
11
Suppose -2*c = 4*n - 162, -3*c - 4*n - 263 = -6*c. List the prime factors of c.
5, 17
Let m(z) = z**2 + 4*z + 1. Let p be m(-5). Let v = 23 - p. What are the prime factors of v?
17
List the prime factors of (12/8)/((-7)/(-4) - 1).
2
Let j be 1/(1/(2/(-2))). Let l be (-66)/24 - (-1)/(-4). What are the prime factors of (l - j)/((-2)/9)?
3
What are the prime factors of ((-1)/2 - 0)*-52?
2, 13
List the prime factors of 162/10 + ((-95)/(-25) - 4).
2
Let a = 3 - 4. Let l be 1 - (-15)/(a*3). What are the prime factors of 4/16 - 19/l?
5
Let v = 69 + 88. List the prime factors of v.
157
Suppose -11 = h - 0. Let n = -8 - h. List the prime factors of n.
3
Let f = -14 - -7. Let l(o) = -2*o + 6. List the prime factors of l(f).
2, 5
Suppose -5*m + 3*m = -86. What are the prime factors of m?
43
Suppose -3*d + 2*d = -6. Let x(c) = c**2 - 2*c + 3. What are the prime factors of x(d)?
3
Suppose 0 = -3*m - 5*o + 41, -o - 3*o + 16 = 0. Let i be (-3 - (0 + -1)) + m. Suppose 25 = 5*l - i. List the prime factors of l.
2, 3
Suppose 2*l - 50 = -2*y - 3*l, 3*y = 2*l + 94. What are the prime factors of y?
2, 3, 5
Let j(p) = -p**3 + 5*p**2 - 3*p + 6. Let m be j(5). Let c = -6 - m. Let q(h) = -h**3 + 3*h**2 + 2*h + 3. List the prime factors of q(c).
3
Let u = 5 + -2. Suppose -u + 5 = -w. What are the prime factors of w - (-3)/(-3)*-15?
13
Suppose 2 = -4*z + 34. Suppose l = z - 3. Let t(b) = -b**3 + 5*b**2 + 2*b - 7. List the prime factors of t(l).
3
Suppose -5*c = 5*g - 0 + 5, 0 = g + 5. Let z(j) = 3*j - j - 2 - 3. List the prime factors of z(c).
3
Suppose 48 = 2*l - 0*l. Let j = l - 15. Suppose 0 = j*t - 5*t - 48. List the prime factors of t.
2, 3
Let i(w) = w**2 - w - 22. What are the prime factors of i(10)?
2, 17
Let v(d) = d + 2. Let i be v(0). Suppose -12 = i*l - 3*l. List the prime factors of l.
2, 3
Suppose 0 = 3*d - 15 - 6. Suppose -86 = -3*h - r, -d = 3*h - r - 95. What are the prime factors of h?
29
Let r be (-14)/(-5) - (-2)/10. Suppose 2*i + 3 = r*i. Suppose 0 = -5*x - p + 66, -3*x - i*p = 2*x - 58. What are the prime factors of x?
2, 7
Let b = 69 + -44. Let y = b + -18. What are the prime factors of y?
7
Let l = 537 - 372. List the prime factors of l.
3, 5, 11
Suppose 431 = 3*j + 1967. What are the prime factors of (-4)/(-10) - j/20?
2, 13
List the prime factors of 34 + 1 + 3 - 2.
2, 3
Suppose 10 = 4*i + c, -4*c + 0*c + 10 = i. Suppose 0 = h - 2*w - 11, -h - 2*w - i*w = 7. What are the prime factors of h?
5
Suppose -4*a = -3*p + 395, -673 = -5*p + a + 2*a. List the prime factors of p.
137
Suppose 2*z - 9 = -1. Suppose 4*v - 8 = -z. Let y(i) = 18*i. What are the prime factors of y(v)?
2, 3
Let t(q) = q**2 + 7*q + 10. Let f(j) = -j**3 - 7*j**2 + 9*j - 1. Let i be f(-8). List the prime factors of t(i).
2, 7
Let y(n) = -4*n**2 + 0*n + 2*n + 6 + 3*n + 3*n**2. What are the prime factors of y(5)?
2, 3
Let p = 2 + -10. Let m = 13 + p. Suppose -m*t + 5*j = -50, -j = t + t - 23. List the prime factors of t.
11
Suppose 5*a + 16 = -2*f, -2*f + a + 0 = 4. List the prime factors of f*(-2 - (-2 - -1)).
3
Suppose -2*g - 265 = -73. Let y = -62 - g. What are the prime factors of y?
2, 17
Let v(b) = b**2 + 6*b + 8. Let n be v(-4). Suppose n = 4*o + 11 - 55. List the prime factors of o.
11
Let t be (-33)/(-9)*3/(-1). Let u = -21 - t. List the prime factors of (-4)/(-10)*u/(-2).
2
Let t(x) = -9*x**2. Let y be t(-1). Let o = -4 - y. Suppose 0 = -5*s - h + 76, 3*s - o*h = -s + 84. List the prime factors of s.
2
Let s(r) = 3*r**2 - 8*r + 7. Let c(w) = 9*w**2 - 2*w**2 + 3*w - 18*w + 13. Let p(d) = 2*c(d) - 5*s(d). What are the prime factors of p(6)?
3, 5
Let j(w) = w**2 - w - 3. Let b be j(-3). Let h = b - 6. Suppose h + 30 = 3*c. List the prime factors of c.
11
Let z(o) = o**3 - 2*o**2 - o - 3. Let q be 3/(2 - (-1 + 2)). List the prime factors of z(q).
3
Let p be 3/(-6)*(2 - -4). Let s = 1 - p. List the prime factors of s.
2
Suppose -s - 15 = 2*s - 5*u, -3*s - 3*u + 9 = 0. Suppose s*a + 10 = a. What are the prime factors of a?
2, 5
Let y(n) = n**3 + 3*n**2 - 2*n - 3. Let b be y(-3). Suppose -48 - 24 = -5*o + 4*k, 3*k - 54 = -b*o. What are the prime factors of o?
2
Suppose -3*s + 32 + 64 = 0. What are the prime factors of s?
2
Let d be 0 + (5 - 2 - -1). Let c be (-2)/(-1*1*1). What are the prime factors of (9/2)/(c/d)?
3
Suppose 3*g + 13 + 59 = 0. Let x = 1 - -34. Let p = x + g. List the prime factors of p.
11
Suppose -5*k + 1 = 2*m, 0 = -4*m + 3*k + 20 + 21. Suppose -l - 6 = 5*t, 5*t - m = 3*l - 5*l. What are the prime factors of l?
2, 7
Let o = 397 + -208. What are the prime factors of o?
3, 7
Let k(s) = -s**2 - 7*s - 2. Let n be k(-5). Suppose 2*j - n = -0*j. List the prime factors of j.
2
Let j(w) = -2*w + 6. Let c(b) = 3*b - 9. Let v(i) = -5*c(i) - 8*j(i). List the prime factors of v(15).
2, 3
Let p(b) = 2*b**2 - 2*b. Let t(j) = -j + 10. Let c be t(8). List the prime factors of p(c).
2
Suppose -17 = f + 2*d, -3*f + 5*d + 2 = -2. List the prime factors of 300/21 + 2/f.
2, 7
Suppose -2*y + 38 = n, 2*y + 93 = 3*n + y. List the prime factors of n.
2
Let s be 4/10 + (-65)/(-25). Let c be 18*s/(-27)*-3. What are the prime factors of 10 + c/9*3?
2, 3
Let l = 14 - 12. What are the prime factors of l?
2
Let u(p) = 5*p**2 - 3*p + 1. What are the prime factors of u(-3)?
5, 11
Let m be 76/18 + (-6)/27. Suppose -c - 2*c = -6, m*i - 2*c = 20. List the prime factors of i.
2, 3
Let j(d) = -d**3 - 10*d**2 - 10*d - 5. Let u be j(-9). What are the prime factors of (-46)/(-8) - u/(-16)?
2, 3
Let f(o) = o**3 - 2*o**2. Let i be f(2). What are the prime factors of i/2 + (0 - -15)?
3, 5
Suppose 2*o = o + 16. What are the prime factors of 6/(-4)*o/(-6)?
2
Suppose 0 = -7*o + 9*o + 10. Let u(k) = k**3 + 7*k**2 + 5*k + 10. List the prime factors of u(o).
5, 7
Let s(i) = -i**3 - 7*i**2 + 9*i + 11. Let w(j) = j**3 + 9*j**2 - 8*j + 12. Let u be w(-10). Let x be s(u). Suppose x*n = n + 4. List the prime factors of n.
2
What are the prime factors of 5/(((-3)/30)/(-1))?
2, 5
Suppose -3*c = 2*c - 75. Let z = c - 7. What are the prime factors of z?
2
Suppose 16*z = 17*z + o - 287, 4*o + 574 = 2*z. What are the prime factors of z?
7, 41
Let w(j) = -j**3 + j**2 + 7*j - 5. Let o be w(4). Let s = -13 - o. What are the prime factors of (s - -2) + -1*2?
2, 3
Let m = -203 + 493. What are the prime factors of m?
2, 5, 29
Suppose 6*u + f - 11 = u, -3*u + 7 = f. Let o be 37/5 - (-4)/(-10). Let l = o + u. What are the prime factors of l?
3
Suppose 2*y = -4*v + 4*y - 48, -4*v - 4*y = 24. Let p = 14 + v. Suppose 2*f + p = 4*h + 2, 0 = -2*f - h + 8. List the prime factors of f.
3
Let b(j) = -j**2 + j + 2. Let a be b(0). Suppose 3 = -0*o + 3*o, -a*f + 5*o + 5 = 0. Suppose -3*x = -4*x + f. List the prime factors of x.
5
Let r(p) = -2*p + 23. What are the prime factors of r(6)?
11
Suppose -2*c = -0*c - 8. What are the prime factors of c?
2
Suppose 0*t - 4 = -4*t, -5*t + 44 = 3*q. Let f(b) = b**2 - 9. Let y be f(0). Let k = y + q. List the prime factors of k.
2
Let y be -3*2/(-6)*37. Let p = 66 - y. What are the prime factors of p?
29
Suppose -6*i = -i - 35. Let y = i - 4. List the prime factors of (10/(-1))/(y + -4).
2, 5
Let h be (0 - 1)/((-6)/18). Let l = h + 3. What are the prime factors of l?
2, 3
Suppose -457 - 278 = -5*a. List the prime factors of a.
3, 7
Suppose 136 + 4 = 5*a. List the prime factors of a.
2, 7
Suppose -3*x + 0 - 3 = 0. What are the prime factors of 0 + (-2)/x - -6?
2
Suppose -356 = 14*o - 1070. List the prime factors of o.
3, 17
Suppose 0*j = 5*j - 20. Suppose 9